{"id":4420,"date":"2016-03-07T07:00:46","date_gmt":"2016-03-07T07:00:46","guid":{"rendered":"http:\/\/prediqma.com\/edition\/payment-methods\/"},"modified":"2024-10-25T08:19:26","modified_gmt":"2024-10-25T08:19:26","slug":"zahlungsarten","status":"publish","type":"page","link":"https:\/\/prediqma.com\/edition\/zahlungsarten\/","title":{"rendered":"Zahlungsarten"},"content":{"rendered":"<h3>Sie erhalten direkten Zugang zum Online-Programm prediqma \u00fcber PCs, MACs, Android- und iOS Ger\u00e4te sobald Ihr Einkauf abgeschlossen ist:<\/h3>\n<h3>Zahlung per <i class=\"fa fa-paypal\"><\/i> PayPal<\/h3>\n<ul>\n<li><i class=\"fa fa-cc-mastercard\"><\/i> <i class=\"fa fa-cc-visa\"><\/i> <i class=\"fa fa-cc-amex\"><\/i> Kreditkartenzahlung<\/li>\n<li><i class=\"fa fa-cc-paypal\"><\/i> PayPal-Guthaben (hierzu muss eine g\u00fcltige Kreditkarte bei PayPal hinterlegt sein)<\/li>\n<\/ul>\n<p>\u00dcber den einfachen, sicheren und geb\u00fchrenfreien Service des Online-Zahlungsdienst PayPal k\u00f6nnen Sie die Abonnement-Zahlungen \u00fcber Ihre Kreditkarte oder Ihr PayPal-Guthaben leisten. &#8211; In beiden F\u00e4llen muss daf\u00fcr bei PayPal eine g\u00fcltige Kreditkarte hinterlegt sein. Ihre Kreditkartendaten werden dort verschl\u00fcsselt und auch nur bei PayPal hinterlegt. Bei weiteren Online-Eink\u00e4ufen werden diese nicht erneut \u00fcber das Internet gesendet. Mit zwei Klicks schlie\u00dfen Sie anschlie\u00dfend einen Bezahlvorgang ab.<\/p>\n<p>ACHTUNG: PayPal bietet \u00fcber Ihre Giro\/Bank Card keine SEPA-Lastschriften f\u00fcr Abonnements an!<\/p>\n<ul>\n<li><i class=\"fa fa-credit-card-alt\"><\/i> SEPA-Lastschrift f\u00fcr Abonnements sind mit Ihre Giro\/Bank Card nicht m\u00f6glich!<\/li>\n<\/ul>\n<p>(Pay via PayPal; you can pay with your credit card if you don&#8217;t have a PayPal account.)<\/p>\n<h3>Zahlung per SEPA-Lastschrift<\/h3>\n<p>Sie k\u00f6nnen Ihre Bestellung auch mit SEPA-Lastschrift bezahlen. Ihre Abobetr\u00e4ge ziehen wir dann von Ihrem Konto ein.<\/p>\n","protected":false},"excerpt":{"rendered":"<p>Sie erhalten direkten Zugang zum Online-Programm prediqma \u00fcber PCs, MACs, Android- und iOS Ger\u00e4te sobald Ihr Einkauf abgeschlossen ist: Zahlung per PayPal Kreditkartenzahlung PayPal-Guthaben (hierzu muss eine g\u00fcltige Kreditkarte bei PayPal hinterlegt sein) \u00dcber den einfachen, sicheren und geb\u00fchrenfreien Service des Online-Zahlungsdienst PayPal k\u00f6nnen Sie die Abonnement-Zahlungen \u00fcber Ihre Kreditkarte oder Ihr PayPal-Guthaben leisten. &#8211; [&hellip;]<\/p>\n","protected":false},"author":5,"featured_media":0,"parent":0,"menu_order":0,"comment_status":"closed","ping_status":"closed","template":"","meta":{"_monsterinsights_skip_tracking":false,"_monsterinsights_sitenote_active":false,"_monsterinsights_sitenote_note":"","_monsterinsights_sitenote_category":0,"_genesis_hide_title":false,"_genesis_hide_breadcrumbs":false,"_genesis_hide_singular_image":false,"_genesis_hide_footer_widgets":false,"_genesis_custom_body_class":"","_genesis_custom_post_class":"","_genesis_layout":""},"_links":{"self":[{"href":"https:\/\/prediqma.com\/edition\/wp-json\/wp\/v2\/pages\/4420"}],"collection":[{"href":"https:\/\/prediqma.com\/edition\/wp-json\/wp\/v2\/pages"}],"about":[{"href":"https:\/\/prediqma.com\/edition\/wp-json\/wp\/v2\/types\/page"}],"author":[{"embeddable":true,"href":"https:\/\/prediqma.com\/edition\/wp-json\/wp\/v2\/users\/5"}],"replies":[{"embeddable":true,"href":"https:\/\/prediqma.com\/edition\/wp-json\/wp\/v2\/comments?post=4420"}],"version-history":[{"count":3,"href":"https:\/\/prediqma.com\/edition\/wp-json\/wp\/v2\/pages\/4420\/revisions"}],"predecessor-version":[{"id":36222,"href":"https:\/\/prediqma.com\/edition\/wp-json\/wp\/v2\/pages\/4420\/revisions\/36222"}],"wp:attachment":[{"href":"https:\/\/prediqma.com\/edition\/wp-json\/wp\/v2\/media?parent=4420"}],"curies":[{"name":"wp","href":"https:\/\/api.w.org\/{rel}","templated":true}]}}